the value of -2 + -40 - (41 + -7 + -31)?
-45
Calculate -42 + (-15 - 0 - (-38 + (-8 - -40))).
-51
What is the value of -32 + -2 - 6 - -5 - -119?
84
What is the value of (44 - 85 - -92) + -28?
23
What is the value of (-177 - -96) + 63 + 13?
-5
What is -205 - -140 - -107 - (-1 - 27)?
70
Calculate -194 - (47 - 175) - -43.
-23
What is the value of (94 - 355) + 220 + 1 + 1 + 0?
-39
What is the value of (-221 - -220) + (1 - -10) + 2?
12
Calculate -130 - ((-472 - -461) + (27 - 0)).
-146
What is (536 - 538) + -1 + 28 - -4?
29
What is the value of (39 - -16) + (-2 - -4 - 8 - (68 - 64))?
45
30 - ((-6 - -15) + -16 + -16)
53
What is the value of -73 + -16 + 23 - (63 - 26)?
-103
What is the value of -10 + (-20 + -21 + 22 + 19 - -14)?
4
Calculate 74 + -3 + -2691 + 2563.
-57
Evaluate 4 - (8 + (4 - (13 + -4)) - 6) - 40.
-33
What is the value of 60 - (20 + 7) - -29?
62
Calculate -14 - (28 - (-4 - -18)) - -8.
-20
Calculate -12 - ((-14 + -36 - (-5 - -5)) + 3).
35
What is the value of (5 - -5 - 3 - (6 + -3)) + (36 - -37)?
77
Evaluate -6018 + 5993 + 3 + 1 + -1 + 60.
38
Evaluate 33 + -47 + -47 - (-18 - -57).
-100
Evaluate 19 + (254 + -370 - (-5 + -2 + 7)).
-97
Evaluate (1 - 15 - (-274 - -252)) + (-5 - -1).
4
89 - 344 - -259 - (-1 - (-4 - 1))
0
Evaluate (6 - -7) + (63 - 52) + (-3 - -1).
22
Evaluate -27 + (89 - 33) + -56.
-27
11 + 1 + (1 - (24 - (129 - 0 - 15)))
103
What is (20 - -5 - -15) + -19 + -11?
10
266 - 279 - (21 - -17)
-51
Calculate -10912 + 10928 - (1 - 100 - (-7 + 10)).
118
What is 2 + 20 + -9 + -1 + -10 + 48 + -42?
8
What is 67 + (-2 + 5 + -4 - ((49 - 13) + -40))?
70
Evaluate (524 - 510) + 3 + -6 + 62.
73
What is -1 + -7 - (5 + -13 + 21 + -1)?
-20
Evaluate 1 - (-2 - -1 - 1) - (1645 - 1743) - -3.
104
Evaluate -6 + 6 - 25 - (-58 + 71).
-38
What is (-26 - -9) + (-239 - -261)?
5
Evaluate (-109 - -78) + (0 - 2 - (-5 + 4)) + -7.
-39
What is the value of 5 - (2 + -31 - ((10 - 30) + (-7 - -16)))?
23
Calculate 40 + 22 - (-68 + 28 + 9).
93
What is (-6 - 4) + 4 - (7 + 0) - (12 + 26)?
-51
What is the value of (116 + -127 - (-51 - 2)) + -25?
17
Calculate 3 - (14 - -8 - 1 - 37 - (-9 - 0)).
10
Evaluate -1 + -15 + -119 + 190 - (7 - (-1 + 18)).
65
Evaluate 36 - (108 - 87) - 101.
-86
Evaluate -11 - ((585 - 572) + (-45 - 0)).
21
What is 77 - (-55 - (-66 - 74))?
-8
What is the value of (10 - (45 + -9)) + (-39 - -47)?
-18
What is -159 + (-29 - -183) - (-2 - 0 - (2 + -102))?
-103
Calculate (-539 + 578 - (-4 + -66)) + -43.
66
What is the value of -5 - -1 - (1 + 13 + 7 + (-7 - 13))?
-5
Evaluate (-417 - -419) + (0 - 5) + (52 - 1).
48
Calculate 80 + -80 + 109 + -58.
51
Evaluate 28 - -4 - (56 - (69 + -93)).
-48
What is (77 + 6 - 166) + 1 + -2?
-84
Evaluate -2 - 10 - (0 - (-32 - (18 - 34)) - 3).
-25
Evaluate (0 - -85) + (-2 - 7 - (-533 - -500) - 34).
75
What is -7 - -1 - ((0 - 3) + -12 - 12)?
21
Evaluate -35 + 49 + 10 + -35 + 0 + -13.
-24
-36 + 2 + 7 - -6
-21
33 + -3 - (432 - 437)
35
-18 - (1 - 10 - (-22 + 9 + 18)) - 97
-101
What is -3 + 3 + 2 + -24 + 12 - (14 + -2)?
-22
-38 + 7 + 55 + 1
25
(-19 + (17 - -2) - 21) + -19
-40
Evaluate 34 + -18 + (-118 - -84).
-18
What is the value of -67 - (-24 + 6) - 13?
-62
What is (-2 - (116 - 106 - (-1 + 43))) + -5?
25
(-32 - 4) + 48 - 27 - (2 + -23)
6
Evaluate (7 - 2 - (5 - 0)) + (-8 - -64) + -27.
29
Evaluate 57 - (3 - 9 - (-6 + -16)).
41
-2 + -3 + (100 + -105 - (1 + -4 + 27))
-34
Evaluate -42 - (26 + -86 + 71).
-53
Evaluate (-25 - 0 - (-1 - 11)) + 5.
-8
Evaluate -4 - (178 + 58 + -107).
-133
What is the value of 89 + -36 - (-26 + 22)?
57
-1 + 7 - (49 + 14 - 39)
-18
Calculate -26 - ((-115 - -20) + 40).
29
What is the value of 252 - 243 - (12 - (-83 - 11))?
-97
Evaluate 25 - (-10 + 17 + -17 + 11 + 7).
17
What is the value of -7 - (43 + (-127 - -45))?
32
Calculate (-23 - 1) + 191 + -154.
13
What is 168 + -21 + -28 + -46?
73
Calculate 99 + (69 + -44 - 24 - (0 + -6)).
106
What is the value of -104 + 4 - -132 - -54?
86
What is the value of (-101 - -194 - 84) + (-3 - (-3 + 76))?
-67
Evaluate -140 + (3 - (1 + -1)) + (-30 + 13 - -10).
-144
What is 1 - -7 - ((152 - 169) + 3 + -48)?
70
What is -869 - -905 - (-5 + 0 + -1)?
42
What is the value of -2263 + 2162 + (-1 - -103)?
1
-33 + (4 - (10 + -19) - 4 - 2)
-26
What is -11 - (1 + 0) - (-45662 - -45619)?
31
Calculate (-96 - -96) + -2 + (15 - (-1 + 0)) + -3.
11
Evaluate 30 + (44 - 98 - -5).
-19
What is 51 + (-25 - 1) + -14 - -58?
69
Evaluate (-9 + 8 + -9 - -9) + 11 - (-30 + -1).
41
What is -15 - (-3 + 20 + -53 - -19)?
2
What is the value of (-57 + (-17 + 9 - -17 - 7) - 8) + -5?
-68
-14 - (-70 + 51 - -46)
-41
What is -921 - -906 - (4 - 99 - -1 - -1)?
78
What is (5 - -2) + 1 + (0 - 10) + (-72 - -77)?
3
243 - (7 + 108) - 167
-39
Calculate (-14 + 1 - (-12 + 3)) + 23 + 0.
19
What is (1 - -15) + 38 + -2 + -45?
7
What is the value of 72 - 98 - (14 + (-15 - -13))?
-38
What is 70 - 0 - (-92 + 12 + 92)?
58
What is the value of 105 + (18 + -30 + 0 - (-1 - (0 + -1)))?
93
-118 + 318 + -75 + -70
55
Calculate -57 + (-19 - -39 - -21) + -26.
-42
(-79 - -69) + (4 - ((1 - -5) + 26) - -1)
-37
Evaluate 58 - (-7 + (3 - 5 - 2) + -177 + 182).
64
Calculate 7 - (11 + -6 + 4) - 33.
-35
Evaluate -7 - ((-1 - 5) + (0 - 1) + 810 + -746).
-64
What is 3 + -12 + 0 - (-21 + 16 + -60)?
56
Calculate -3 + -156 + (-1273 - -1384).
-48
Calculate -13 - (-7 + 12 + -4 - 6).
-8
What is 22 - ((15 - 3) + -1 - -1) - (91 + 3)?
-84
Calculate (0 + -14 + -12 - -1) + 6.
-19
0 + -30 - (45 + -59 - (6 + -30))
-40
What is (8 - (0 - -17)) + (98 - (-40 - -81))?
48
What is 71 + -50 + -18 - (2 + -20)?
21
What is -113 + 123 + -77 + 0 + 3?
-64
What is -139 - 1 - (-224 - (94 - 311))?
-133
-275 - (-64 + -6) - -130
-75
Evaluate (-4 - (12 - 5)) + 27 - (-96 + -6 + 22).
96
What is 13 + (-57 - (-98 + 5))?
49
What is -5 + 0 - 4 - (78 + -9 + (-20 - 3))?
-55
What is (8 - (40 - -26)) + (5 - -15)?
-38
-12 + -22 - (-220 - -228)
-42
(8 - -1 - (806 + -755 + 1 + 2)) + -6
-51
-15 - ((-18 - (-10 + (9 - 11))) + (-1 - -7))
-15
Calculate 3 + 1 - (-3 - (19 + -32) - 17) - 72.
-61
(1 - (-31 + (-6 - -15))) + -35 - (0 - 5)
-7
Calculate -16 - 0 - (-8 + 18 - 104 - -5).
73
3 + ((11 - 39) + 53 - 4)
24
What is the value of -27 - (4 + -7 + 17 + 12 + -24 - 9)?
-20
-5 + (22 - (40 - -7)) + 20
-10
Calculate (3 + -21 - (-13 + 1)) + (0 - -6) + -38.
-38
7 - (-44 + -13 + (-15 - -19)) - 7
53
What is -10 + 3 + (-778 - -848)?
63
Evaluate 23 + (-6 - (20 + (6 + -18 - 1))).
10
What is the value of 71 - (-88 - -126 - -78)?
-45
What is -19 + 27 + -288 - -151?
-129
Calculate 0 + -12 - ((88 + 18 - 13) + -36).
-69
Evaluate 12 + 75 + 110 + -144.
53
Calculate -705 + 545 - (-2 + 4) - -44.
-118
What is the value of 61 - (31 + -7 + 21 - 13)?
29
What is -44 + (-22 - -51) + -2 + 1 + 11 + -112?
-117
Evaluate 72 + -1 + (11 - -27) + -31 + 1 + -8.
71
Calculate (-2 - -7) + (-64 - ((-24 - -3) + (12 - -9))).
-59
What is (-51 - ((-12 + -9 - -29) + -31)) + 0 + 8?
-20
-2 - 44 - (388 + -395)
-39
What is the value of -12 + (-8 - -27) - -36 - -24?
67
Evaluate (-30 - 11) + (-50 - -102).
11
92 + (-18 - 12) + -11 + 3
54
-2 + -1 + -43 - (-1 - (-15 - (-8 + 0)))
-52
193 - 139 - (52 - 6)
8
-25 + (15 - (-19 + 28))
-19
-1 + -19 + (1 - 2) - (-8054 - -8045)
-12
What is -16 + 22 + 38 - (2 + -8 + 3 + -3)?
50
What is -11 - -22 - (-9 - 8 - -38)?
-10
What is the value of (5 - (6 + 10)) + -3 + 6 + 78?
70
Evaluate 63 + (-93 - -95) - 116.
-51
Calculate (-19 - -58) + (-4 - (13 + 4)) + 22.
40
21 + (-71 - -49) + 23 - (-16 + -2)
40
What is the value of -10 + 11 + (-101 - -104) + -18 + 0?
-14
What is the value of 163 + -80 + 3 + -24 + 0 + -13?
49
What is the value of (24 - 14 - 31) + (109 - 45)?
43
What is 63 - ((61 - -73) + -13)?
-58
Calculate (-14 - -5) + (-33 + 19 - ((1 - 6) + -3)).
-15
Calculate (4 + 1 - 19) + (-28 - (55 - 96)).
-1
Calculate (1 + 21 + -23 - 9) + -33 + (-4 - -2).
-45
What is the value of 5 + -31 - (40 - 34 - 20)?
-12
Evaluate 9 + 336 + -324 + 1 + -133 + -3.
-114
-4 + (50 - 37) + 60
69
Calculate (-2 - (-15 + 16)) + 2 + -57.
-58
Evaluate 67 - (65 + (-40 - -1)).
41
What is (-23 - (141 + -155)) + 1 + -25?
-33
What is (-16 - -1) + 2 + -43 + 261 + -208?
-3
What is 1563 + -1429 - (85 - 4)?
53
What is the value of -388 - -380 - (-46 + 8)?
30
Evaluate 19 + (19 + -13 - 13) - 8 - 51.
-47
(-73 - -109) + -123 + 32
-55
(51 - (-17 + 85)) + -12
-29
Calculate 